{"id":18257,"date":"2020-07-09T18:57:39","date_gmt":"2020-07-09T16:57:39","guid":{"rendered":"https:\/\/www.rgequip.com\/?post_type=product&#038;p=18257"},"modified":"2020-07-10T12:08:53","modified_gmt":"2020-07-10T10:08:53","slug":"bacs-a-glace-5-l-360-x-165-x-120-mm","status":"publish","type":"product","link":"https:\/\/www.rgequip.com\/?product=bacs-a-glace-5-l-360-x-165-x-120-mm","title":{"rendered":"Bacs \u00e0 Glace 5 L 360 x 165 x 120 mm"},"content":{"rendered":"<p>Design tr\u00e8s solide<\/p>\n<p>Bords lisses, f<\/p>\n<p>aciles \u00e0 nettoyer<\/p>\n<p>s&#8217;utilis\u00e9 dans les cong\u00e9lateurs<\/p>\n<p>convient au lave-vaiselle<\/p>\n","protected":false},"excerpt":{"rendered":"<p>Design tr\u00e8s solide Bords lisses, f aciles \u00e0 nettoyer s&#8217;utilis\u00e9 dans les cong\u00e9lateurs convient au lave-vaiselle<\/p>\n","protected":false},"featured_media":18275,"comment_status":"open","ping_status":"closed","template":"","meta":[],"product_brand":[],"product_cat":[338,340,345,337],"product_tag":[],"class_list":{"0":"post-18257","1":"product","2":"type-product","3":"status-publish","4":"has-post-thumbnail","6":"product_cat-plaques-bacs","7":"product_cat-accessoires-preparation","8":"product_cat-bacs-gastronomes","9":"product_cat-preparation","11":"first","12":"instock","13":"shipping-taxable","14":"product-type-simple"},"_links":{"self":[{"href":"https:\/\/www.rgequip.com\/index.php?rest_route=\/wp\/v2\/product\/18257","targetHints":{"allow":["GET"]}}],"collection":[{"href":"https:\/\/www.rgequip.com\/index.php?rest_route=\/wp\/v2\/product"}],"about":[{"href":"https:\/\/www.rgequip.com\/index.php?rest_route=\/wp\/v2\/types\/product"}],"replies":[{"embeddable":true,"href":"https:\/\/www.rgequip.com\/index.php?rest_route=%2Fwp%2Fv2%2Fcomments&post=18257"}],"version-history":[{"count":0,"href":"https:\/\/www.rgequip.com\/index.php?rest_route=\/wp\/v2\/product\/18257\/revisions"}],"wp:featuredmedia":[{"embeddable":true,"href":"https:\/\/www.rgequip.com\/index.php?rest_route=\/wp\/v2\/media\/18275"}],"wp:attachment":[{"href":"https:\/\/www.rgequip.com\/index.php?rest_route=%2Fwp%2Fv2%2Fmedia&parent=18257"}],"wp:term":[{"taxonomy":"product_brand","embeddable":true,"href":"https:\/\/www.rgequip.com\/index.php?rest_route=%2Fwp%2Fv2%2Fproduct_brand&post=18257"},{"taxonomy":"product_cat","embeddable":true,"href":"https:\/\/www.rgequip.com\/index.php?rest_route=%2Fwp%2Fv2%2Fproduct_cat&post=18257"},{"taxonomy":"product_tag","embeddable":true,"href":"https:\/\/www.rgequip.com\/index.php?rest_route=%2Fwp%2Fv2%2Fproduct_tag&post=18257"}],"curies":[{"name":"wp","href":"https:\/\/api.w.org\/{rel}","templated":true}]}}