{"id":18207,"date":"2020-07-09T15:12:03","date_gmt":"2020-07-09T13:12:03","guid":{"rendered":"https:\/\/www.rgequip.com\/?post_type=product&#038;p=18207"},"modified":"2020-07-09T15:12:03","modified_gmt":"2020-07-09T13:12:03","slug":"machine-a-laver-la-vaisselle-de-type-guillotine","status":"publish","type":"product","link":"https:\/\/www.rgequip.com\/?product=machine-a-laver-la-vaisselle-de-type-guillotine","title":{"rendered":"Machine \u00e0 laver la vaisselle de type guillotine"},"content":{"rendered":"<p><span>Corps, chaudi\u00e8re et r\u00e9servoir de lavage en acier inoxydable *<\/span><br \/>\n<span>R\u00e9servoir de lavage hygi\u00e9nique solide et arrondi<\/span><br \/>\n<span>Capacit\u00e9 de lavage de 50 paniers par heure (dimensions du panier 50cmx50cm)<\/span><br \/>\n<span>Consommation d&#8217;eau de 2,8 litres pour chaque p\u00e9riode de lavage<\/span><br \/>\n<span>1 programme de lavage s\u00e9lectionnable (72 sec.)<\/span><br \/>\n<span>Ligne standard<\/span><br \/>\n<span>Panneau de commande automatique et convivial sur les <\/span><span>rondelles et les coins.\u00a0*<\/span><\/p>\n<p><span> Les bras de lavage sont disponibles en acier inoxydable et polypropyl\u00e8ne renforc\u00e9 (PP)<\/span><br \/>\n<span>Optimisation de la hauteur avec pieds r\u00e9glables<\/span><br \/>\n<span>D\u00e9marrage facile; Possibilit\u00e9 de remplir et de chauffer les chaudi\u00e8res et les cuves de lavage en un seul clic<\/span><br \/>\n<span>Les composants \u00e9lectriques et les syst\u00e8mes de c\u00e2blage r\u00e9pondent aux normes internationales et \u00e0 la s\u00e9curit\u00e9<\/span><br \/>\n<span>L&#8217;ensemble du corps est isol\u00e9 et conforme \u00e0 la norme de protection IPX5 contre l&#8217;eau<\/span><br \/>\n<span>Temp\u00e9ratures de rin\u00e7age et de lavage contr\u00f4l\u00e9es par thermostat pour un lavage efficace<\/span><br \/>\n<span>Syst\u00e8me de soupape qui emp\u00eache le retour de l&#8217;eau dans la machine vers le syst\u00e8me<\/span><br \/>\n<span>Temp\u00e9rature de l&#8217;eau de lavage 55-60 \u00b0 C (eau d&#8217;alimentation au moins 2 bar et 50 \u00b0 C \u00e0 la condition de temp\u00e9rature)<\/span><br \/>\n<span>Temp\u00e9rature de l&#8217;eau de rin\u00e7age de 80-85 \u00b0 C (eau d&#8217;alimentation \u00e0 au moins 2 bar et condition \u00e0 50 \u00b0 C)<\/span><\/p>\n","protected":false},"excerpt":{"rendered":"<p>Corps, chaudi\u00e8re et r\u00e9servoir de lavage en acier inoxydable * R\u00e9servoir de lavage hygi\u00e9nique solide et arrondi Capacit\u00e9 de lavage<\/p>\n","protected":false},"featured_media":18200,"comment_status":"open","ping_status":"closed","template":"","meta":[],"product_brand":[],"product_cat":[392,393,396],"product_tag":[],"class_list":{"0":"post-18207","1":"product","2":"type-product","3":"status-publish","4":"has-post-thumbnail","6":"product_cat-laverie-hygiene","7":"product_cat-lavage","8":"product_cat-lave-vaisselle","10":"first","11":"instock","12":"shipping-taxable","13":"product-type-simple"},"_links":{"self":[{"href":"https:\/\/www.rgequip.com\/index.php?rest_route=\/wp\/v2\/product\/18207","targetHints":{"allow":["GET"]}}],"collection":[{"href":"https:\/\/www.rgequip.com\/index.php?rest_route=\/wp\/v2\/product"}],"about":[{"href":"https:\/\/www.rgequip.com\/index.php?rest_route=\/wp\/v2\/types\/product"}],"replies":[{"embeddable":true,"href":"https:\/\/www.rgequip.com\/index.php?rest_route=%2Fwp%2Fv2%2Fcomments&post=18207"}],"version-history":[{"count":0,"href":"https:\/\/www.rgequip.com\/index.php?rest_route=\/wp\/v2\/product\/18207\/revisions"}],"wp:featuredmedia":[{"embeddable":true,"href":"https:\/\/www.rgequip.com\/index.php?rest_route=\/wp\/v2\/media\/18200"}],"wp:attachment":[{"href":"https:\/\/www.rgequip.com\/index.php?rest_route=%2Fwp%2Fv2%2Fmedia&parent=18207"}],"wp:term":[{"taxonomy":"product_brand","embeddable":true,"href":"https:\/\/www.rgequip.com\/index.php?rest_route=%2Fwp%2Fv2%2Fproduct_brand&post=18207"},{"taxonomy":"product_cat","embeddable":true,"href":"https:\/\/www.rgequip.com\/index.php?rest_route=%2Fwp%2Fv2%2Fproduct_cat&post=18207"},{"taxonomy":"product_tag","embeddable":true,"href":"https:\/\/www.rgequip.com\/index.php?rest_route=%2Fwp%2Fv2%2Fproduct_tag&post=18207"}],"curies":[{"name":"wp","href":"https:\/\/api.w.org\/{rel}","templated":true}]}}