{"id":18137,"date":"2020-07-08T13:23:43","date_gmt":"2020-07-08T11:23:43","guid":{"rendered":"https:\/\/www.rgequip.com\/?post_type=product&#038;p=18137"},"modified":"2020-07-08T13:23:43","modified_gmt":"2020-07-08T11:23:43","slug":"hachoir-a-viande-tete-inox-monolithique-800kg-h","status":"publish","type":"product","link":"https:\/\/www.rgequip.com\/?product=hachoir-a-viande-tete-inox-monolithique-800kg-h","title":{"rendered":"Hachoir \u00e0 Viande -t\u00eate inox monolithique  800Kg\/h"},"content":{"rendered":"<p>Hachoir de Diam\u00e8tre d\u2019admission 130mm<br \/>\n\u2013 Couteau Norme Mondiale No.42, plaque perfor\u00e9e et vis sans fin<br \/>\n\u2013 Le syst\u00e8me de refroidissement ind\u00e9pendant est \u00e0 l\u2019int\u00e9rieur du corps. Avec interrupteur de commande s\u00e9par\u00e9.<br \/>\n\u2013 T\u00eate, vis et anneau en acier inoxydable.<br \/>\n\u2013 Indicateur d\u2019huile r\u00e9ducteur.<\/p>\n","protected":false},"excerpt":{"rendered":"<p>Hachoir de Diam\u00e8tre d\u2019admission 130mm \u2013 Couteau Norme Mondiale No.42, plaque perfor\u00e9e et vis sans fin \u2013 Le syst\u00e8me de<\/p>\n","protected":false},"featured_media":18138,"comment_status":"open","ping_status":"closed","template":"","meta":[],"product_brand":[],"product_cat":[337,359,342],"product_tag":[],"class_list":{"0":"post-18137","1":"product","2":"type-product","3":"status-publish","4":"has-post-thumbnail","6":"product_cat-preparation","7":"product_cat-hachoir-a-viande","8":"product_cat-travail-de-la-viande","10":"first","11":"instock","12":"shipping-taxable","13":"product-type-simple"},"_links":{"self":[{"href":"https:\/\/www.rgequip.com\/index.php?rest_route=\/wp\/v2\/product\/18137","targetHints":{"allow":["GET"]}}],"collection":[{"href":"https:\/\/www.rgequip.com\/index.php?rest_route=\/wp\/v2\/product"}],"about":[{"href":"https:\/\/www.rgequip.com\/index.php?rest_route=\/wp\/v2\/types\/product"}],"replies":[{"embeddable":true,"href":"https:\/\/www.rgequip.com\/index.php?rest_route=%2Fwp%2Fv2%2Fcomments&post=18137"}],"version-history":[{"count":0,"href":"https:\/\/www.rgequip.com\/index.php?rest_route=\/wp\/v2\/product\/18137\/revisions"}],"wp:featuredmedia":[{"embeddable":true,"href":"https:\/\/www.rgequip.com\/index.php?rest_route=\/wp\/v2\/media\/18138"}],"wp:attachment":[{"href":"https:\/\/www.rgequip.com\/index.php?rest_route=%2Fwp%2Fv2%2Fmedia&parent=18137"}],"wp:term":[{"taxonomy":"product_brand","embeddable":true,"href":"https:\/\/www.rgequip.com\/index.php?rest_route=%2Fwp%2Fv2%2Fproduct_brand&post=18137"},{"taxonomy":"product_cat","embeddable":true,"href":"https:\/\/www.rgequip.com\/index.php?rest_route=%2Fwp%2Fv2%2Fproduct_cat&post=18137"},{"taxonomy":"product_tag","embeddable":true,"href":"https:\/\/www.rgequip.com\/index.php?rest_route=%2Fwp%2Fv2%2Fproduct_tag&post=18137"}],"curies":[{"name":"wp","href":"https:\/\/api.w.org\/{rel}","templated":true}]}}