{"id":18133,"date":"2020-07-08T13:49:24","date_gmt":"2020-07-08T11:49:24","guid":{"rendered":"https:\/\/www.rgequip.com\/?post_type=product&#038;p=18133"},"modified":"2020-07-08T14:01:19","modified_gmt":"2020-07-08T12:01:19","slug":"armoire-negative-2-portes-pleine","status":"publish","type":"product","link":"https:\/\/www.rgequip.com\/?product=armoire-negative-2-portes-pleine","title":{"rendered":"Armoire N\u00e9gative 2 Portes Pleine 1300 l"},"content":{"rendered":"<p align=\"LEFT\">Elle a:<\/p>\n<ul>\n<li>Fabriqu\u00e9e en acier AISI304.<\/li>\n<li>m\u00eame, un panneau de commande num\u00e9rique HACCP avec affichage et r\u00e9glage de la temp\u00e9rature.<\/li>\n<li>une doublure int\u00e9rieure hygi\u00e9nique universelle (facile \u00e0 nettoyer)<\/li>\n<li>un grand espace de rangement.<\/li>\n<li>circulation d&#8217;air efficace, assure une distribution uniforme de la temp\u00e9rature et un chauffage rapide.<\/li>\n<li>des murs avec isolation jusqu&#8217;\u00e0 70 mm d&#8217;\u00e9paisseur, en mat\u00e9riau polyur\u00e9thane<\/li>\n<li>un joint large amovible sur support magn\u00e9tique avec trois couches de mat\u00e9riau isolant.<\/li>\n<li>un module de chauffage facile \u00e0 retirer.<\/li>\n<li>des amortisseurs autour du p\u00e9rim\u00e8tre.<\/li>\n<li>des roues en acier inoxydable.<\/li>\n<\/ul>\n<p>&nbsp;<\/p>\n","protected":false},"excerpt":{"rendered":"<p>Elle a: Fabriqu\u00e9e en acier AISI304. m\u00eame, un panneau de commande num\u00e9rique HACCP avec affichage et r\u00e9glage de la temp\u00e9rature.<\/p>\n","protected":false},"featured_media":18134,"comment_status":"open","ping_status":"closed","template":"","meta":[],"product_brand":[],"product_cat":[269,277,274,295],"product_tag":[],"class_list":{"0":"post-18133","1":"product","2":"type-product","3":"status-publish","4":"has-post-thumbnail","6":"product_cat-armoires","7":"product_cat-a-negatives","8":"product_cat-chambre-froide","9":"product_cat-negative","11":"first","12":"instock","13":"shipping-taxable","14":"product-type-simple"},"_links":{"self":[{"href":"https:\/\/www.rgequip.com\/index.php?rest_route=\/wp\/v2\/product\/18133","targetHints":{"allow":["GET"]}}],"collection":[{"href":"https:\/\/www.rgequip.com\/index.php?rest_route=\/wp\/v2\/product"}],"about":[{"href":"https:\/\/www.rgequip.com\/index.php?rest_route=\/wp\/v2\/types\/product"}],"replies":[{"embeddable":true,"href":"https:\/\/www.rgequip.com\/index.php?rest_route=%2Fwp%2Fv2%2Fcomments&post=18133"}],"version-history":[{"count":0,"href":"https:\/\/www.rgequip.com\/index.php?rest_route=\/wp\/v2\/product\/18133\/revisions"}],"wp:featuredmedia":[{"embeddable":true,"href":"https:\/\/www.rgequip.com\/index.php?rest_route=\/wp\/v2\/media\/18134"}],"wp:attachment":[{"href":"https:\/\/www.rgequip.com\/index.php?rest_route=%2Fwp%2Fv2%2Fmedia&parent=18133"}],"wp:term":[{"taxonomy":"product_brand","embeddable":true,"href":"https:\/\/www.rgequip.com\/index.php?rest_route=%2Fwp%2Fv2%2Fproduct_brand&post=18133"},{"taxonomy":"product_cat","embeddable":true,"href":"https:\/\/www.rgequip.com\/index.php?rest_route=%2Fwp%2Fv2%2Fproduct_cat&post=18133"},{"taxonomy":"product_tag","embeddable":true,"href":"https:\/\/www.rgequip.com\/index.php?rest_route=%2Fwp%2Fv2%2Fproduct_tag&post=18133"}],"curies":[{"name":"wp","href":"https:\/\/api.w.org\/{rel}","templated":true}]}}