{"id":18125,"date":"2020-07-08T12:24:34","date_gmt":"2020-07-08T10:24:34","guid":{"rendered":"https:\/\/www.rgequip.com\/?post_type=product&#038;p=18125"},"modified":"2020-07-08T12:24:35","modified_gmt":"2020-07-08T10:24:35","slug":"chariot-de-debarassage","status":"publish","type":"product","link":"https:\/\/www.rgequip.com\/?product=chariot-de-debarassage","title":{"rendered":"Chariot de D\u00e9barassage"},"content":{"rendered":"<p>utilis\u00e9 dans les \u00e9tablissements de restauration pour le transport de vaisselle sale.<\/p>\n<p>fabriqu\u00e9 en acier inoxydable. Acier AISI304 \/ AISI430.<\/p>\n<p>Poss\u00e8de 4 roues, dont 2 avec but\u00e9e de diam\u00e8tre 100 mm.<\/p>\n","protected":false},"excerpt":{"rendered":"<p>utilis\u00e9 dans les \u00e9tablissements de restauration pour le transport de vaisselle sale. fabriqu\u00e9 en acier inoxydable. Acier AISI304 \/ AISI430.<\/p>\n","protected":false},"featured_media":18126,"comment_status":"open","ping_status":"closed","template":"","meta":[],"product_brand":[],"product_cat":[406,407],"product_tag":[],"class_list":{"0":"post-18125","1":"product","2":"type-product","3":"status-publish","4":"has-post-thumbnail","6":"product_cat-autres-inox","7":"product_cat-chariot","9":"first","10":"instock","11":"shipping-taxable","12":"product-type-simple"},"_links":{"self":[{"href":"https:\/\/www.rgequip.com\/index.php?rest_route=\/wp\/v2\/product\/18125","targetHints":{"allow":["GET"]}}],"collection":[{"href":"https:\/\/www.rgequip.com\/index.php?rest_route=\/wp\/v2\/product"}],"about":[{"href":"https:\/\/www.rgequip.com\/index.php?rest_route=\/wp\/v2\/types\/product"}],"replies":[{"embeddable":true,"href":"https:\/\/www.rgequip.com\/index.php?rest_route=%2Fwp%2Fv2%2Fcomments&post=18125"}],"version-history":[{"count":0,"href":"https:\/\/www.rgequip.com\/index.php?rest_route=\/wp\/v2\/product\/18125\/revisions"}],"wp:featuredmedia":[{"embeddable":true,"href":"https:\/\/www.rgequip.com\/index.php?rest_route=\/wp\/v2\/media\/18126"}],"wp:attachment":[{"href":"https:\/\/www.rgequip.com\/index.php?rest_route=%2Fwp%2Fv2%2Fmedia&parent=18125"}],"wp:term":[{"taxonomy":"product_brand","embeddable":true,"href":"https:\/\/www.rgequip.com\/index.php?rest_route=%2Fwp%2Fv2%2Fproduct_brand&post=18125"},{"taxonomy":"product_cat","embeddable":true,"href":"https:\/\/www.rgequip.com\/index.php?rest_route=%2Fwp%2Fv2%2Fproduct_cat&post=18125"},{"taxonomy":"product_tag","embeddable":true,"href":"https:\/\/www.rgequip.com\/index.php?rest_route=%2Fwp%2Fv2%2Fproduct_tag&post=18125"}],"curies":[{"name":"wp","href":"https:\/\/api.w.org\/{rel}","templated":true}]}}