{"id":18110,"date":"2020-07-08T11:38:07","date_gmt":"2020-07-08T09:38:07","guid":{"rendered":"https:\/\/www.rgequip.com\/?post_type=product&#038;p=18110"},"modified":"2020-07-08T11:38:07","modified_gmt":"2020-07-08T09:38:07","slug":"vitrine-refrigeree-self-service-04-bacs-gn-1-1","status":"publish","type":"product","link":"https:\/\/www.rgequip.com\/?product=vitrine-refrigeree-self-service-04-bacs-gn-1-1","title":{"rendered":"Vitrine R\u00e9frig\u00e9r\u00e9e Self-Service 04 Bacs Gn 1\/1"},"content":{"rendered":"<p><strong>Structure<\/strong><br \/>\nFabriqu\u00e9e en Acier inoxydable AISI 304, isol\u00e9e en polyur\u00e9thane inject\u00e9 sans CFC\u2019S d\u2019une densit\u00e9 de 40 Kg\/m3.<br \/>\nPlaque froide fabriqu\u00e9e en acier AISI 304 de 30mm de profondeur et angles arrondis sanitaires.<br \/>\nPortes coulissantes c\u00f4t\u00e9 service.<br \/>\nVitrine \u00e9quip\u00e9e de 6 (4 GN) ou 9 (6 GN) grilles plastifi\u00e9es.<\/p>\n","protected":false},"excerpt":{"rendered":"<p>Structure Fabriqu\u00e9e en Acier inoxydable AISI 304, isol\u00e9e en polyur\u00e9thane inject\u00e9 sans CFC\u2019S d\u2019une densit\u00e9 de 40 Kg\/m3. Plaque froide<\/p>\n","protected":false},"featured_media":18112,"comment_status":"open","ping_status":"closed","template":"","meta":[],"product_brand":[],"product_cat":[226,246,230,268,272],"product_tag":[],"class_list":{"0":"post-18110","1":"product","2":"type-product","3":"status-publish","4":"has-post-thumbnail","6":"product_cat-cuisson","7":"product_cat-buffet-central","8":"product_cat-buffets","9":"product_cat-froids","10":"product_cat-vitrines","12":"first","13":"instock","14":"shipping-taxable","15":"product-type-simple"},"_links":{"self":[{"href":"https:\/\/www.rgequip.com\/index.php?rest_route=\/wp\/v2\/product\/18110","targetHints":{"allow":["GET"]}}],"collection":[{"href":"https:\/\/www.rgequip.com\/index.php?rest_route=\/wp\/v2\/product"}],"about":[{"href":"https:\/\/www.rgequip.com\/index.php?rest_route=\/wp\/v2\/types\/product"}],"replies":[{"embeddable":true,"href":"https:\/\/www.rgequip.com\/index.php?rest_route=%2Fwp%2Fv2%2Fcomments&post=18110"}],"version-history":[{"count":0,"href":"https:\/\/www.rgequip.com\/index.php?rest_route=\/wp\/v2\/product\/18110\/revisions"}],"wp:featuredmedia":[{"embeddable":true,"href":"https:\/\/www.rgequip.com\/index.php?rest_route=\/wp\/v2\/media\/18112"}],"wp:attachment":[{"href":"https:\/\/www.rgequip.com\/index.php?rest_route=%2Fwp%2Fv2%2Fmedia&parent=18110"}],"wp:term":[{"taxonomy":"product_brand","embeddable":true,"href":"https:\/\/www.rgequip.com\/index.php?rest_route=%2Fwp%2Fv2%2Fproduct_brand&post=18110"},{"taxonomy":"product_cat","embeddable":true,"href":"https:\/\/www.rgequip.com\/index.php?rest_route=%2Fwp%2Fv2%2Fproduct_cat&post=18110"},{"taxonomy":"product_tag","embeddable":true,"href":"https:\/\/www.rgequip.com\/index.php?rest_route=%2Fwp%2Fv2%2Fproduct_tag&post=18110"}],"curies":[{"name":"wp","href":"https:\/\/api.w.org\/{rel}","templated":true}]}}