{"id":18105,"date":"2020-07-08T11:15:43","date_gmt":"2020-07-08T09:15:43","guid":{"rendered":"https:\/\/www.rgequip.com\/?post_type=product&#038;p=18105"},"modified":"2020-07-08T13:07:19","modified_gmt":"2020-07-08T11:07:19","slug":"armoire-de-fermentation","status":"publish","type":"product","link":"https:\/\/www.rgequip.com\/?product=armoire-de-fermentation","title":{"rendered":"Armoire de Fermentation"},"content":{"rendered":"<ul>\n<li>Compatible avec les mod\u00e8les de fours \u00e0 convection OKFBE 40604 et OKFBE 40603.<\/li>\n<li>Gestion ind\u00e9pendante<\/li>\n<li>Imperm\u00e9abilisation \u00e0 une temp\u00e9rature de 30 \u00b0 -65 \u00b0 C<\/li>\n<li>Nettoyage facile de la vitre de la porte de l&#8217;enceinte de cuisson<\/li>\n<\/ul>\n","protected":false},"excerpt":{"rendered":"<p>Compatible avec les mod\u00e8les de fours \u00e0 convection OKFBE 40604 et OKFBE 40603. Gestion ind\u00e9pendante Imperm\u00e9abilisation \u00e0 une temp\u00e9rature de<\/p>\n","protected":false},"featured_media":18107,"comment_status":"open","ping_status":"closed","template":"","meta":[],"product_brand":[],"product_cat":[369,379,370],"product_tag":[],"class_list":{"0":"post-18105","1":"product","2":"type-product","3":"status-publish","4":"has-post-thumbnail","6":"product_cat-boulangerie","7":"product_cat-etuve-de-fermentation","8":"product_cat-production-de-pain","10":"first","11":"instock","12":"shipping-taxable","13":"product-type-simple"},"_links":{"self":[{"href":"https:\/\/www.rgequip.com\/index.php?rest_route=\/wp\/v2\/product\/18105","targetHints":{"allow":["GET"]}}],"collection":[{"href":"https:\/\/www.rgequip.com\/index.php?rest_route=\/wp\/v2\/product"}],"about":[{"href":"https:\/\/www.rgequip.com\/index.php?rest_route=\/wp\/v2\/types\/product"}],"replies":[{"embeddable":true,"href":"https:\/\/www.rgequip.com\/index.php?rest_route=%2Fwp%2Fv2%2Fcomments&post=18105"}],"version-history":[{"count":0,"href":"https:\/\/www.rgequip.com\/index.php?rest_route=\/wp\/v2\/product\/18105\/revisions"}],"wp:featuredmedia":[{"embeddable":true,"href":"https:\/\/www.rgequip.com\/index.php?rest_route=\/wp\/v2\/media\/18107"}],"wp:attachment":[{"href":"https:\/\/www.rgequip.com\/index.php?rest_route=%2Fwp%2Fv2%2Fmedia&parent=18105"}],"wp:term":[{"taxonomy":"product_brand","embeddable":true,"href":"https:\/\/www.rgequip.com\/index.php?rest_route=%2Fwp%2Fv2%2Fproduct_brand&post=18105"},{"taxonomy":"product_cat","embeddable":true,"href":"https:\/\/www.rgequip.com\/index.php?rest_route=%2Fwp%2Fv2%2Fproduct_cat&post=18105"},{"taxonomy":"product_tag","embeddable":true,"href":"https:\/\/www.rgequip.com\/index.php?rest_route=%2Fwp%2Fv2%2Fproduct_tag&post=18105"}],"curies":[{"name":"wp","href":"https:\/\/api.w.org\/{rel}","templated":true}]}}