{"id":18103,"date":"2020-07-08T11:00:31","date_gmt":"2020-07-08T09:00:31","guid":{"rendered":"https:\/\/www.rgequip.com\/?post_type=product&#038;p=18103"},"modified":"2020-07-08T11:00:31","modified_gmt":"2020-07-08T09:00:31","slug":"rechaud-gaz-4-bruleurs-a-poser-406026","status":"publish","type":"product","link":"https:\/\/www.rgequip.com\/?product=rechaud-gaz-4-bruleurs-a-poser-406026","title":{"rendered":"Rechaud Gaz 4  Br\u00fbleurs \u00e0 Poser 40*60*26"},"content":{"rendered":"<p>Elle poss\u00e8de:<\/p>\n<ul>\n<li>Corps en acier inoxydable pour \u00e9viter toute infiltration<\/li>\n<li>\u00a0deux br\u00fbleurs de \u00d860 mm de 3,5 kW de puissance 1,5 \u00e0 3,5 max.<\/li>\n<li>\u00a0deux br\u00fbleurs de\u00a0 \u00d875 mm de 5 Kw\u00a0 \u00a0puissance 2 \u00e0 5 max.<\/li>\n<li>Pieds r\u00e9glables en hauteur de 20 mm<\/li>\n<li>Compatible GPL ou gaz naturel<\/li>\n<li>Br\u00fbleurs \u00e0 combustion optimis\u00e9e<\/li>\n<\/ul>\n","protected":false},"excerpt":{"rendered":"<p>Elle poss\u00e8de: Corps en acier inoxydable pour \u00e9viter toute infiltration \u00a0deux br\u00fbleurs de \u00d860 mm de 3,5 kW de puissance<\/p>\n","protected":false},"featured_media":18104,"comment_status":"open","ping_status":"closed","template":"","meta":[],"product_brand":[],"product_cat":[226,240,228],"product_tag":[],"class_list":{"0":"post-18103","1":"product","2":"type-product","3":"status-publish","4":"has-post-thumbnail","6":"product_cat-cuisson","7":"product_cat-r-gaz","8":"product_cat-rechauds","10":"first","11":"instock","12":"shipping-taxable","13":"product-type-simple"},"_links":{"self":[{"href":"https:\/\/www.rgequip.com\/index.php?rest_route=\/wp\/v2\/product\/18103","targetHints":{"allow":["GET"]}}],"collection":[{"href":"https:\/\/www.rgequip.com\/index.php?rest_route=\/wp\/v2\/product"}],"about":[{"href":"https:\/\/www.rgequip.com\/index.php?rest_route=\/wp\/v2\/types\/product"}],"replies":[{"embeddable":true,"href":"https:\/\/www.rgequip.com\/index.php?rest_route=%2Fwp%2Fv2%2Fcomments&post=18103"}],"version-history":[{"count":0,"href":"https:\/\/www.rgequip.com\/index.php?rest_route=\/wp\/v2\/product\/18103\/revisions"}],"wp:featuredmedia":[{"embeddable":true,"href":"https:\/\/www.rgequip.com\/index.php?rest_route=\/wp\/v2\/media\/18104"}],"wp:attachment":[{"href":"https:\/\/www.rgequip.com\/index.php?rest_route=%2Fwp%2Fv2%2Fmedia&parent=18103"}],"wp:term":[{"taxonomy":"product_brand","embeddable":true,"href":"https:\/\/www.rgequip.com\/index.php?rest_route=%2Fwp%2Fv2%2Fproduct_brand&post=18103"},{"taxonomy":"product_cat","embeddable":true,"href":"https:\/\/www.rgequip.com\/index.php?rest_route=%2Fwp%2Fv2%2Fproduct_cat&post=18103"},{"taxonomy":"product_tag","embeddable":true,"href":"https:\/\/www.rgequip.com\/index.php?rest_route=%2Fwp%2Fv2%2Fproduct_tag&post=18103"}],"curies":[{"name":"wp","href":"https:\/\/api.w.org\/{rel}","templated":true}]}}