{"id":18100,"date":"2020-07-07T19:05:25","date_gmt":"2020-07-07T17:05:25","guid":{"rendered":"https:\/\/www.rgequip.com\/?post_type=product&#038;p=18100"},"modified":"2020-07-08T13:24:27","modified_gmt":"2020-07-08T11:24:27","slug":"chauffe-poulet","status":"publish","type":"product","link":"https:\/\/www.rgequip.com\/?product=chauffe-poulet","title":{"rendered":"Chauffe- poulet 02 Bacs Gn"},"content":{"rendered":"<p>Premi\u00e8rement, Chaque couche est chauff\u00e9e avec une lampe halog\u00e8ne par le haut<\/p>\n<p>En plus, Le Chauffage se fait par la vapeur (eau) par le bas<\/p>\n<p>Contr\u00f4le du thermostat<\/p>\n<p>Tout acier inoxydable<\/p>\n","protected":false},"excerpt":{"rendered":"<p>Premi\u00e8rement, Chaque couche est chauff\u00e9e avec une lampe halog\u00e8ne par le haut En plus, Le Chauffage se fait par la<\/p>\n","protected":false},"featured_media":18101,"comment_status":"open","ping_status":"closed","template":"","meta":[],"product_brand":[],"product_cat":[313,297,305],"product_tag":[],"class_list":{"0":"post-18100","1":"product","2":"type-product","3":"status-publish","4":"has-post-thumbnail","6":"product_cat-maintien-chaud","7":"product_cat-presentation-chaude","8":"product_cat-vitrine-chaude","10":"first","11":"instock","12":"shipping-taxable","13":"product-type-simple"},"_links":{"self":[{"href":"https:\/\/www.rgequip.com\/index.php?rest_route=\/wp\/v2\/product\/18100","targetHints":{"allow":["GET"]}}],"collection":[{"href":"https:\/\/www.rgequip.com\/index.php?rest_route=\/wp\/v2\/product"}],"about":[{"href":"https:\/\/www.rgequip.com\/index.php?rest_route=\/wp\/v2\/types\/product"}],"replies":[{"embeddable":true,"href":"https:\/\/www.rgequip.com\/index.php?rest_route=%2Fwp%2Fv2%2Fcomments&post=18100"}],"version-history":[{"count":0,"href":"https:\/\/www.rgequip.com\/index.php?rest_route=\/wp\/v2\/product\/18100\/revisions"}],"wp:featuredmedia":[{"embeddable":true,"href":"https:\/\/www.rgequip.com\/index.php?rest_route=\/wp\/v2\/media\/18101"}],"wp:attachment":[{"href":"https:\/\/www.rgequip.com\/index.php?rest_route=%2Fwp%2Fv2%2Fmedia&parent=18100"}],"wp:term":[{"taxonomy":"product_brand","embeddable":true,"href":"https:\/\/www.rgequip.com\/index.php?rest_route=%2Fwp%2Fv2%2Fproduct_brand&post=18100"},{"taxonomy":"product_cat","embeddable":true,"href":"https:\/\/www.rgequip.com\/index.php?rest_route=%2Fwp%2Fv2%2Fproduct_cat&post=18100"},{"taxonomy":"product_tag","embeddable":true,"href":"https:\/\/www.rgequip.com\/index.php?rest_route=%2Fwp%2Fv2%2Fproduct_tag&post=18100"}],"curies":[{"name":"wp","href":"https:\/\/api.w.org\/{rel}","templated":true}]}}