{"id":18013,"date":"2020-07-06T18:41:22","date_gmt":"2020-07-06T16:41:22","guid":{"rendered":"https:\/\/www.rgequip.com\/?post_type=product&#038;p=18013"},"modified":"2020-07-06T18:41:23","modified_gmt":"2020-07-06T16:41:23","slug":"bain-marie-6-bacs-gn1-1","status":"publish","type":"product","link":"https:\/\/www.rgequip.com\/?product=bain-marie-6-bacs-gn1-1","title":{"rendered":"Bain Marie 6 Bacs GN1\/1"},"content":{"rendered":"<p>Construit en acier inoxydable<\/p>\n<p>Contr\u00f4le de thermostat s\u00e9par\u00e9 pour chaque bol<\/p>\n<p>Tous les bains marie prennent\u00a0 des bacs GN de \u200b\u200b150 mm max de profondeur<\/p>\n<p>6xGN 1\/1<\/p>\n<p>6x1000W<\/p>\n","protected":false},"excerpt":{"rendered":"<p>Construit en acier inoxydable Contr\u00f4le de thermostat s\u00e9par\u00e9 pour chaque bol Tous les bains marie prennent\u00a0 des bacs GN de<\/p>\n","protected":false},"featured_media":18014,"comment_status":"open","ping_status":"closed","template":"","meta":[],"product_brand":[],"product_cat":[313,301],"product_tag":[],"class_list":{"0":"post-18013","1":"product","2":"type-product","3":"status-publish","4":"has-post-thumbnail","6":"product_cat-maintien-chaud","7":"product_cat-bain-marie","9":"first","10":"instock","11":"shipping-taxable","12":"product-type-simple"},"_links":{"self":[{"href":"https:\/\/www.rgequip.com\/index.php?rest_route=\/wp\/v2\/product\/18013","targetHints":{"allow":["GET"]}}],"collection":[{"href":"https:\/\/www.rgequip.com\/index.php?rest_route=\/wp\/v2\/product"}],"about":[{"href":"https:\/\/www.rgequip.com\/index.php?rest_route=\/wp\/v2\/types\/product"}],"replies":[{"embeddable":true,"href":"https:\/\/www.rgequip.com\/index.php?rest_route=%2Fwp%2Fv2%2Fcomments&post=18013"}],"version-history":[{"count":0,"href":"https:\/\/www.rgequip.com\/index.php?rest_route=\/wp\/v2\/product\/18013\/revisions"}],"wp:featuredmedia":[{"embeddable":true,"href":"https:\/\/www.rgequip.com\/index.php?rest_route=\/wp\/v2\/media\/18014"}],"wp:attachment":[{"href":"https:\/\/www.rgequip.com\/index.php?rest_route=%2Fwp%2Fv2%2Fmedia&parent=18013"}],"wp:term":[{"taxonomy":"product_brand","embeddable":true,"href":"https:\/\/www.rgequip.com\/index.php?rest_route=%2Fwp%2Fv2%2Fproduct_brand&post=18013"},{"taxonomy":"product_cat","embeddable":true,"href":"https:\/\/www.rgequip.com\/index.php?rest_route=%2Fwp%2Fv2%2Fproduct_cat&post=18013"},{"taxonomy":"product_tag","embeddable":true,"href":"https:\/\/www.rgequip.com\/index.php?rest_route=%2Fwp%2Fv2%2Fproduct_tag&post=18013"}],"curies":[{"name":"wp","href":"https:\/\/api.w.org\/{rel}","templated":true}]}}