{"id":13357,"date":"2019-11-26T14:06:01","date_gmt":"2019-11-26T13:06:01","guid":{"rendered":"https:\/\/www.rgequip.com\/?post_type=product&#038;p=13357"},"modified":"2019-11-26T14:06:01","modified_gmt":"2019-11-26T13:06:01","slug":"machine-a-hot-dog-avec-03-piques","status":"publish","type":"product","link":"https:\/\/www.rgequip.com\/?product=machine-a-hot-dog-avec-03-piques","title":{"rendered":"Machine A Hot Dog Avec 03 piques"},"content":{"rendered":"<p>&#8211; R\u00e9cipient en pyrex pour la cuisson de petites saucisses.<\/p>\n<p>&#8211; Panier pour saucisses en acier inox.<\/p>\n<p>&#8211; R\u00e9glage de la puissance par r\u00e9gulateur de l\u2019intensit\u00e9 de chaleur.<\/p>\n<p>&#8211; Parties \u00e9lectriques auto prot\u00e9g\u00e9es en cas d\u2019\u00e9ventuelles fuites de liquides.<\/p>\n<p>&#8211; Tige pour chauffer le pain en aluminium anodis\u00e9.<\/p>\n","protected":false},"excerpt":{"rendered":"<p>&#8211; R\u00e9cipient en pyrex pour la cuisson de petites saucisses. &#8211; Panier pour saucisses en acier inox. &#8211; R\u00e9glage de<\/p>\n","protected":false},"featured_media":13358,"comment_status":"open","ping_status":"closed","template":"","meta":[],"product_brand":[],"product_cat":[337,360,342],"product_tag":[],"class_list":{"0":"post-13357","1":"product","2":"type-product","3":"status-publish","4":"has-post-thumbnail","6":"product_cat-preparation","7":"product_cat-accessoires-hache-viande","8":"product_cat-travail-de-la-viande","10":"first","11":"instock","12":"shipping-taxable","13":"product-type-simple"},"_links":{"self":[{"href":"https:\/\/www.rgequip.com\/index.php?rest_route=\/wp\/v2\/product\/13357","targetHints":{"allow":["GET"]}}],"collection":[{"href":"https:\/\/www.rgequip.com\/index.php?rest_route=\/wp\/v2\/product"}],"about":[{"href":"https:\/\/www.rgequip.com\/index.php?rest_route=\/wp\/v2\/types\/product"}],"replies":[{"embeddable":true,"href":"https:\/\/www.rgequip.com\/index.php?rest_route=%2Fwp%2Fv2%2Fcomments&post=13357"}],"version-history":[{"count":1,"href":"https:\/\/www.rgequip.com\/index.php?rest_route=\/wp\/v2\/product\/13357\/revisions"}],"predecessor-version":[{"id":13359,"href":"https:\/\/www.rgequip.com\/index.php?rest_route=\/wp\/v2\/product\/13357\/revisions\/13359"}],"wp:featuredmedia":[{"embeddable":true,"href":"https:\/\/www.rgequip.com\/index.php?rest_route=\/wp\/v2\/media\/13358"}],"wp:attachment":[{"href":"https:\/\/www.rgequip.com\/index.php?rest_route=%2Fwp%2Fv2%2Fmedia&parent=13357"}],"wp:term":[{"taxonomy":"product_brand","embeddable":true,"href":"https:\/\/www.rgequip.com\/index.php?rest_route=%2Fwp%2Fv2%2Fproduct_brand&post=13357"},{"taxonomy":"product_cat","embeddable":true,"href":"https:\/\/www.rgequip.com\/index.php?rest_route=%2Fwp%2Fv2%2Fproduct_cat&post=13357"},{"taxonomy":"product_tag","embeddable":true,"href":"https:\/\/www.rgequip.com\/index.php?rest_route=%2Fwp%2Fv2%2Fproduct_tag&post=13357"}],"curies":[{"name":"wp","href":"https:\/\/api.w.org\/{rel}","templated":true}]}}