{"id":11430,"date":"2019-10-18T12:04:36","date_gmt":"2019-10-18T10:04:36","guid":{"rendered":"https:\/\/www.rgequip.com\/?post_type=product&#038;p=11430"},"modified":"2019-10-18T12:04:36","modified_gmt":"2019-10-18T10:04:36","slug":"stockage-a-glacon-350-kg","status":"publish","type":"product","link":"https:\/\/www.rgequip.com\/?product=stockage-a-glacon-350-kg","title":{"rendered":"Stockage A Gla\u00e7on 350 Kg"},"content":{"rendered":"<p>Bac de stockage pour votre machine \u00e0 gla\u00e7ons professionnel BX 350.<\/p>\n<p>Capacit\u00e9 de stockage: 350 Kg<\/p>\n<p>Poids net\/brut: 105-126 Kg<\/p>\n<p>Structure : Inox<\/p>\n<p>Dimensions sans emballage mm<\/p>\n<p>Longueur\/Profondeur\/Hauteur : 1250*790*1000 mm<\/p>\n","protected":false},"excerpt":{"rendered":"<p>Bac de stockage pour votre machine \u00e0 gla\u00e7ons professionnel BX 350. Capacit\u00e9 de stockage: 350 Kg Poids net\/brut: 105-126 Kg<\/p>\n","protected":false},"featured_media":11429,"comment_status":"open","ping_status":"closed","template":"","meta":[],"product_brand":[],"product_cat":[268,275],"product_tag":[],"class_list":{"0":"post-11430","1":"product","2":"type-product","3":"status-publish","4":"has-post-thumbnail","6":"product_cat-froids","7":"product_cat-machine-a-glacon","9":"first","10":"instock","11":"shipping-taxable","12":"product-type-simple"},"_links":{"self":[{"href":"https:\/\/www.rgequip.com\/index.php?rest_route=\/wp\/v2\/product\/11430","targetHints":{"allow":["GET"]}}],"collection":[{"href":"https:\/\/www.rgequip.com\/index.php?rest_route=\/wp\/v2\/product"}],"about":[{"href":"https:\/\/www.rgequip.com\/index.php?rest_route=\/wp\/v2\/types\/product"}],"replies":[{"embeddable":true,"href":"https:\/\/www.rgequip.com\/index.php?rest_route=%2Fwp%2Fv2%2Fcomments&post=11430"}],"version-history":[{"count":0,"href":"https:\/\/www.rgequip.com\/index.php?rest_route=\/wp\/v2\/product\/11430\/revisions"}],"wp:featuredmedia":[{"embeddable":true,"href":"https:\/\/www.rgequip.com\/index.php?rest_route=\/wp\/v2\/media\/11429"}],"wp:attachment":[{"href":"https:\/\/www.rgequip.com\/index.php?rest_route=%2Fwp%2Fv2%2Fmedia&parent=11430"}],"wp:term":[{"taxonomy":"product_brand","embeddable":true,"href":"https:\/\/www.rgequip.com\/index.php?rest_route=%2Fwp%2Fv2%2Fproduct_brand&post=11430"},{"taxonomy":"product_cat","embeddable":true,"href":"https:\/\/www.rgequip.com\/index.php?rest_route=%2Fwp%2Fv2%2Fproduct_cat&post=11430"},{"taxonomy":"product_tag","embeddable":true,"href":"https:\/\/www.rgequip.com\/index.php?rest_route=%2Fwp%2Fv2%2Fproduct_tag&post=11430"}],"curies":[{"name":"wp","href":"https:\/\/api.w.org\/{rel}","templated":true}]}}