{"id":11222,"date":"2019-10-16T12:37:40","date_gmt":"2019-10-16T10:37:40","guid":{"rendered":"https:\/\/www.rgequip.com\/?post_type=product&#038;p=11222"},"modified":"2020-07-08T16:23:29","modified_gmt":"2020-07-08T14:23:29","slug":"armoire-refrigeree-positive-double-portes-pleines-1400","status":"publish","type":"product","link":"https:\/\/www.rgequip.com\/?product=armoire-refrigeree-positive-double-portes-pleines-1400","title":{"rendered":"Armoire R\u00e9frig\u00e9r\u00e9e Positive Double Portes Pleines 1400"},"content":{"rendered":"<p>&nbsp;<\/p>\n<p>Premi\u00e8rement, Coins arrondis internes;<\/p>\n<p>Deuxi\u00e8mement, poss\u00e8de une \u00c9paisseur d&#8217;isolation de 60 mm<br \/>\nPorte \u00e0 fermeture automatique avec joint magn\u00e9tique.<br \/>\nDe plus, il poss\u00e8de un Tableau de commande \u00e9lectronique frontal avec 1 sonde NTC pour mod\u00e8le TN (temp\u00e9rature normale)<br \/>\nGroupe frigorifique monobloc extractible et tropicalis\u00e9 en standard fonctionnant au gaz R452A.<br \/>\nD\u00e9givrage enti\u00e8rement automatique et \u00e9vaporation de l&#8217;eau de condensation;<br \/>\nPieds r\u00e9glables en acier inoxydable (110\/190 H mm);<br \/>\nPr\u00eat \u00e0 utiliser.<\/p>\n","protected":false},"excerpt":{"rendered":"<p>&nbsp; Premi\u00e8rement, Coins arrondis internes; Deuxi\u00e8mement, poss\u00e8de une \u00c9paisseur d&#8217;isolation de 60 mm Porte \u00e0 fermeture automatique avec joint magn\u00e9tique.<\/p>\n","protected":false},"featured_media":18142,"comment_status":"open","ping_status":"closed","template":"","meta":[],"product_brand":[],"product_cat":[268,278,269],"product_tag":[],"class_list":{"0":"post-11222","1":"product","2":"type-product","3":"status-publish","4":"has-post-thumbnail","6":"product_cat-froids","7":"product_cat-a-positives","8":"product_cat-armoires","10":"first","11":"instock","12":"shipping-taxable","13":"product-type-simple"},"_links":{"self":[{"href":"https:\/\/www.rgequip.com\/index.php?rest_route=\/wp\/v2\/product\/11222","targetHints":{"allow":["GET"]}}],"collection":[{"href":"https:\/\/www.rgequip.com\/index.php?rest_route=\/wp\/v2\/product"}],"about":[{"href":"https:\/\/www.rgequip.com\/index.php?rest_route=\/wp\/v2\/types\/product"}],"replies":[{"embeddable":true,"href":"https:\/\/www.rgequip.com\/index.php?rest_route=%2Fwp%2Fv2%2Fcomments&post=11222"}],"version-history":[{"count":0,"href":"https:\/\/www.rgequip.com\/index.php?rest_route=\/wp\/v2\/product\/11222\/revisions"}],"wp:featuredmedia":[{"embeddable":true,"href":"https:\/\/www.rgequip.com\/index.php?rest_route=\/wp\/v2\/media\/18142"}],"wp:attachment":[{"href":"https:\/\/www.rgequip.com\/index.php?rest_route=%2Fwp%2Fv2%2Fmedia&parent=11222"}],"wp:term":[{"taxonomy":"product_brand","embeddable":true,"href":"https:\/\/www.rgequip.com\/index.php?rest_route=%2Fwp%2Fv2%2Fproduct_brand&post=11222"},{"taxonomy":"product_cat","embeddable":true,"href":"https:\/\/www.rgequip.com\/index.php?rest_route=%2Fwp%2Fv2%2Fproduct_cat&post=11222"},{"taxonomy":"product_tag","embeddable":true,"href":"https:\/\/www.rgequip.com\/index.php?rest_route=%2Fwp%2Fv2%2Fproduct_tag&post=11222"}],"curies":[{"name":"wp","href":"https:\/\/api.w.org\/{rel}","templated":true}]}}