{"id":10634,"date":"2019-10-05T12:55:10","date_gmt":"2019-10-05T10:55:10","guid":{"rendered":"https:\/\/www.rgequip.com\/?post_type=product&#038;p=10634"},"modified":"2019-10-05T12:55:10","modified_gmt":"2019-10-05T10:55:10","slug":"pondeuse-a-glacon-54-kg","status":"publish","type":"product","link":"https:\/\/www.rgequip.com\/?product=pondeuse-a-glacon-54-kg","title":{"rendered":"Pondeuse \u00e0 Gla\u00e7on 54 KG"},"content":{"rendered":"<p>Les machines \u00e0 gla\u00e7ons sont des appareils de haute qualit\u00e9.<br \/>\nBac de glace isol\u00e9 avec polyurethane, elles sont disponibles en deux versions de refroidissement, soit par air soit par eau.<br \/>\nLa formation de gla\u00e7ons arrive par l\u2019eau qui gr\u00e2ce \u00e0\u00a0 un \u00e9vaporateur en cuivre lequel en se refroidissant forme des gla\u00e7ons cristallins.<br \/>\nAyant une surface compacte\u00a0 refroidissant qui avec une inversion de cycle fait tomber dans le d\u00e9p\u00f4t situ\u00e9 au-dessous.<br \/>\nAvec la carrosserie en acier inoxydable.<\/p>\n","protected":false},"excerpt":{"rendered":"<p>Les machines \u00e0 gla\u00e7ons sont des appareils de haute qualit\u00e9. Bac de glace isol\u00e9 avec polyurethane, elles sont disponibles en<\/p>\n","protected":false},"featured_media":10630,"comment_status":"open","ping_status":"closed","template":"","meta":[],"product_brand":[],"product_cat":[268,275],"product_tag":[],"class_list":{"0":"post-10634","1":"product","2":"type-product","3":"status-publish","4":"has-post-thumbnail","6":"product_cat-froids","7":"product_cat-machine-a-glacon","9":"first","10":"instock","11":"shipping-taxable","12":"product-type-simple"},"_links":{"self":[{"href":"https:\/\/www.rgequip.com\/index.php?rest_route=\/wp\/v2\/product\/10634","targetHints":{"allow":["GET"]}}],"collection":[{"href":"https:\/\/www.rgequip.com\/index.php?rest_route=\/wp\/v2\/product"}],"about":[{"href":"https:\/\/www.rgequip.com\/index.php?rest_route=\/wp\/v2\/types\/product"}],"replies":[{"embeddable":true,"href":"https:\/\/www.rgequip.com\/index.php?rest_route=%2Fwp%2Fv2%2Fcomments&post=10634"}],"version-history":[{"count":0,"href":"https:\/\/www.rgequip.com\/index.php?rest_route=\/wp\/v2\/product\/10634\/revisions"}],"wp:featuredmedia":[{"embeddable":true,"href":"https:\/\/www.rgequip.com\/index.php?rest_route=\/wp\/v2\/media\/10630"}],"wp:attachment":[{"href":"https:\/\/www.rgequip.com\/index.php?rest_route=%2Fwp%2Fv2%2Fmedia&parent=10634"}],"wp:term":[{"taxonomy":"product_brand","embeddable":true,"href":"https:\/\/www.rgequip.com\/index.php?rest_route=%2Fwp%2Fv2%2Fproduct_brand&post=10634"},{"taxonomy":"product_cat","embeddable":true,"href":"https:\/\/www.rgequip.com\/index.php?rest_route=%2Fwp%2Fv2%2Fproduct_cat&post=10634"},{"taxonomy":"product_tag","embeddable":true,"href":"https:\/\/www.rgequip.com\/index.php?rest_route=%2Fwp%2Fv2%2Fproduct_tag&post=10634"}],"curies":[{"name":"wp","href":"https:\/\/api.w.org\/{rel}","templated":true}]}}