{"id":10465,"date":"2019-10-02T13:38:42","date_gmt":"2019-10-02T11:38:42","guid":{"rendered":"https:\/\/www.rgequip.com\/?post_type=product&#038;p=10465"},"modified":"2019-10-02T16:46:53","modified_gmt":"2019-10-02T14:46:53","slug":"plateau-acajou-rond","status":"publish","type":"product","link":"https:\/\/www.rgequip.com\/?product=plateau-acajou-rond","title":{"rendered":"Plateau Acajou Rond"},"content":{"rendered":"<ul class=\"remarklist\">\n<li class=\"red\">Couleur acajou<br \/>\nStratifi\u00e9 renforc\u00e9 avec du bois et une couche antid\u00e9rapante<br \/>\nR\u00e9sistant aux chocs et f\u00ealures<br \/>\nMat\u00e9riel garanti 5 ans<\/li>\n<li class=\"purple\">Rond, \u00e0 rebord haut<\/li>\n<\/ul>\n","protected":false},"excerpt":{"rendered":"<p>Couleur acajou Stratifi\u00e9 renforc\u00e9 avec du bois et une couche antid\u00e9rapante R\u00e9sistant aux chocs et f\u00ealures Mat\u00e9riel garanti 5 ans<\/p>\n","protected":false},"featured_media":10490,"comment_status":"open","ping_status":"closed","template":"","meta":[],"product_brand":[],"product_cat":[337,340,355],"product_tag":[],"class_list":{"0":"post-10465","1":"product","2":"type-product","3":"status-publish","4":"has-post-thumbnail","6":"product_cat-preparation","7":"product_cat-accessoires-preparation","8":"product_cat-ustensils","10":"first","11":"instock","12":"shipping-taxable","13":"product-type-simple"},"_links":{"self":[{"href":"https:\/\/www.rgequip.com\/index.php?rest_route=\/wp\/v2\/product\/10465","targetHints":{"allow":["GET"]}}],"collection":[{"href":"https:\/\/www.rgequip.com\/index.php?rest_route=\/wp\/v2\/product"}],"about":[{"href":"https:\/\/www.rgequip.com\/index.php?rest_route=\/wp\/v2\/types\/product"}],"replies":[{"embeddable":true,"href":"https:\/\/www.rgequip.com\/index.php?rest_route=%2Fwp%2Fv2%2Fcomments&post=10465"}],"version-history":[{"count":0,"href":"https:\/\/www.rgequip.com\/index.php?rest_route=\/wp\/v2\/product\/10465\/revisions"}],"wp:featuredmedia":[{"embeddable":true,"href":"https:\/\/www.rgequip.com\/index.php?rest_route=\/wp\/v2\/media\/10490"}],"wp:attachment":[{"href":"https:\/\/www.rgequip.com\/index.php?rest_route=%2Fwp%2Fv2%2Fmedia&parent=10465"}],"wp:term":[{"taxonomy":"product_brand","embeddable":true,"href":"https:\/\/www.rgequip.com\/index.php?rest_route=%2Fwp%2Fv2%2Fproduct_brand&post=10465"},{"taxonomy":"product_cat","embeddable":true,"href":"https:\/\/www.rgequip.com\/index.php?rest_route=%2Fwp%2Fv2%2Fproduct_cat&post=10465"},{"taxonomy":"product_tag","embeddable":true,"href":"https:\/\/www.rgequip.com\/index.php?rest_route=%2Fwp%2Fv2%2Fproduct_tag&post=10465"}],"curies":[{"name":"wp","href":"https:\/\/api.w.org\/{rel}","templated":true}]}}