{"id":10343,"date":"2019-10-01T13:05:30","date_gmt":"2019-10-01T11:05:30","guid":{"rendered":"https:\/\/www.rgequip.com\/?post_type=product&#038;p=10343"},"modified":"2020-07-07T14:25:50","modified_gmt":"2020-07-07T12:25:50","slug":"distributeur-de-boissons-210l","status":"publish","type":"product","link":"https:\/\/www.rgequip.com\/?product=distributeur-de-boissons-210l","title":{"rendered":"Distributeur De Boissons 2*10L"},"content":{"rendered":"<div>Fournit un affichage parfait pour les boissons et l&#8217;ayran<\/div>\n<div>Diverses options de volume pour les boissons \u00e0 consistance \u00e9lev\u00e9e et faible<\/div>\n<div>R\u00e9servoir transparent et corps en acier pouvant servir \u00e0 l&#8217;application de la marque<\/div>\n<div>Pi\u00e8ces s\u00e9parables permettant un nettoyage efficace<\/div>\n","protected":false},"excerpt":{"rendered":"<p>Fournit un affichage parfait pour les boissons et l&#8217;ayran Diverses options de volume pour les boissons \u00e0 consistance \u00e9lev\u00e9e et<\/p>\n","protected":false},"featured_media":10345,"comment_status":"open","ping_status":"closed","template":"","meta":[],"product_brand":[],"product_cat":[314,326,323],"product_tag":[],"class_list":{"0":"post-10343","1":"product","2":"type-product","3":"status-publish","4":"has-post-thumbnail","6":"product_cat-cafe-bar","7":"product_cat-distributeurs-de-boissons","8":"product_cat-jus-de-fruit","10":"first","11":"instock","12":"shipping-taxable","13":"product-type-simple"},"_links":{"self":[{"href":"https:\/\/www.rgequip.com\/index.php?rest_route=\/wp\/v2\/product\/10343","targetHints":{"allow":["GET"]}}],"collection":[{"href":"https:\/\/www.rgequip.com\/index.php?rest_route=\/wp\/v2\/product"}],"about":[{"href":"https:\/\/www.rgequip.com\/index.php?rest_route=\/wp\/v2\/types\/product"}],"replies":[{"embeddable":true,"href":"https:\/\/www.rgequip.com\/index.php?rest_route=%2Fwp%2Fv2%2Fcomments&post=10343"}],"version-history":[{"count":0,"href":"https:\/\/www.rgequip.com\/index.php?rest_route=\/wp\/v2\/product\/10343\/revisions"}],"wp:featuredmedia":[{"embeddable":true,"href":"https:\/\/www.rgequip.com\/index.php?rest_route=\/wp\/v2\/media\/10345"}],"wp:attachment":[{"href":"https:\/\/www.rgequip.com\/index.php?rest_route=%2Fwp%2Fv2%2Fmedia&parent=10343"}],"wp:term":[{"taxonomy":"product_brand","embeddable":true,"href":"https:\/\/www.rgequip.com\/index.php?rest_route=%2Fwp%2Fv2%2Fproduct_brand&post=10343"},{"taxonomy":"product_cat","embeddable":true,"href":"https:\/\/www.rgequip.com\/index.php?rest_route=%2Fwp%2Fv2%2Fproduct_cat&post=10343"},{"taxonomy":"product_tag","embeddable":true,"href":"https:\/\/www.rgequip.com\/index.php?rest_route=%2Fwp%2Fv2%2Fproduct_tag&post=10343"}],"curies":[{"name":"wp","href":"https:\/\/api.w.org\/{rel}","templated":true}]}}