{"id":10218,"date":"2019-09-30T12:36:33","date_gmt":"2019-09-30T10:36:33","guid":{"rendered":"https:\/\/www.rgequip.com\/?post_type=product&#038;p=10218"},"modified":"2019-09-30T12:40:56","modified_gmt":"2019-09-30T10:40:56","slug":"set-de-douilles-de-decoration","status":"publish","type":"product","link":"https:\/\/www.rgequip.com\/?product=set-de-douilles-de-decoration","title":{"rendered":"Set de douilles de d\u00e9coration"},"content":{"rendered":"<p>Set compos\u00e9 de 5 douilles de d\u00e9coration pour:<br \/>\n&#8211; farcir<br \/>\n&#8211; macarons<br \/>\n&#8211; d\u00e9corer<br \/>\n&#8211; nappage<br \/>\n&#8211; \u00e9crire<br \/>\nTr\u00e8s pr\u00e9cis gr\u00e2ce aux bords tranchants.<\/p>\n","protected":false},"excerpt":{"rendered":"<p>Set compos\u00e9 de 5 douilles de d\u00e9coration pour: &#8211; farcir &#8211; macarons &#8211; d\u00e9corer &#8211; nappage &#8211; \u00e9crire Tr\u00e8s pr\u00e9cis<\/p>\n","protected":false},"featured_media":10220,"comment_status":"open","ping_status":"closed","template":"","meta":[],"product_brand":[],"product_cat":[369,374],"product_tag":[],"class_list":{"0":"post-10218","1":"product","2":"type-product","3":"status-publish","4":"has-post-thumbnail","6":"product_cat-boulangerie","7":"product_cat-autres","9":"first","10":"instock","11":"shipping-taxable","12":"product-type-simple"},"_links":{"self":[{"href":"https:\/\/www.rgequip.com\/index.php?rest_route=\/wp\/v2\/product\/10218","targetHints":{"allow":["GET"]}}],"collection":[{"href":"https:\/\/www.rgequip.com\/index.php?rest_route=\/wp\/v2\/product"}],"about":[{"href":"https:\/\/www.rgequip.com\/index.php?rest_route=\/wp\/v2\/types\/product"}],"replies":[{"embeddable":true,"href":"https:\/\/www.rgequip.com\/index.php?rest_route=%2Fwp%2Fv2%2Fcomments&post=10218"}],"version-history":[{"count":0,"href":"https:\/\/www.rgequip.com\/index.php?rest_route=\/wp\/v2\/product\/10218\/revisions"}],"wp:featuredmedia":[{"embeddable":true,"href":"https:\/\/www.rgequip.com\/index.php?rest_route=\/wp\/v2\/media\/10220"}],"wp:attachment":[{"href":"https:\/\/www.rgequip.com\/index.php?rest_route=%2Fwp%2Fv2%2Fmedia&parent=10218"}],"wp:term":[{"taxonomy":"product_brand","embeddable":true,"href":"https:\/\/www.rgequip.com\/index.php?rest_route=%2Fwp%2Fv2%2Fproduct_brand&post=10218"},{"taxonomy":"product_cat","embeddable":true,"href":"https:\/\/www.rgequip.com\/index.php?rest_route=%2Fwp%2Fv2%2Fproduct_cat&post=10218"},{"taxonomy":"product_tag","embeddable":true,"href":"https:\/\/www.rgequip.com\/index.php?rest_route=%2Fwp%2Fv2%2Fproduct_tag&post=10218"}],"curies":[{"name":"wp","href":"https:\/\/api.w.org\/{rel}","templated":true}]}}