{"id":10183,"date":"2019-09-30T12:00:37","date_gmt":"2019-09-30T10:00:37","guid":{"rendered":"https:\/\/www.rgequip.com\/?post_type=product&#038;p=10183"},"modified":"2019-10-14T18:03:00","modified_gmt":"2019-10-14T16:03:00","slug":"couteau-a-decouper","status":"publish","type":"product","link":"https:\/\/www.rgequip.com\/?product=couteau-a-decouper","title":{"rendered":"Couteau \u00c0 D\u00e9couper"},"content":{"rendered":"<p>Manche en polypropyl\u00e8ne conforme aux normes HACCP.<br \/>\nEpaisseur d&#8217;acier: 2,5 mm<\/p>\n","protected":false},"excerpt":{"rendered":"<p>Manche en polypropyl\u00e8ne conforme aux normes HACCP. Epaisseur d&#8217;acier: 2,5 mm<\/p>\n","protected":false},"featured_media":11107,"comment_status":"open","ping_status":"closed","template":"","meta":[],"product_brand":[],"product_cat":[337,340,355],"product_tag":[],"class_list":{"0":"post-10183","1":"product","2":"type-product","3":"status-publish","4":"has-post-thumbnail","6":"product_cat-preparation","7":"product_cat-accessoires-preparation","8":"product_cat-ustensils","10":"first","11":"instock","12":"shipping-taxable","13":"product-type-simple"},"_links":{"self":[{"href":"https:\/\/www.rgequip.com\/index.php?rest_route=\/wp\/v2\/product\/10183","targetHints":{"allow":["GET"]}}],"collection":[{"href":"https:\/\/www.rgequip.com\/index.php?rest_route=\/wp\/v2\/product"}],"about":[{"href":"https:\/\/www.rgequip.com\/index.php?rest_route=\/wp\/v2\/types\/product"}],"replies":[{"embeddable":true,"href":"https:\/\/www.rgequip.com\/index.php?rest_route=%2Fwp%2Fv2%2Fcomments&post=10183"}],"version-history":[{"count":1,"href":"https:\/\/www.rgequip.com\/index.php?rest_route=\/wp\/v2\/product\/10183\/revisions"}],"predecessor-version":[{"id":10188,"href":"https:\/\/www.rgequip.com\/index.php?rest_route=\/wp\/v2\/product\/10183\/revisions\/10188"}],"wp:featuredmedia":[{"embeddable":true,"href":"https:\/\/www.rgequip.com\/index.php?rest_route=\/wp\/v2\/media\/11107"}],"wp:attachment":[{"href":"https:\/\/www.rgequip.com\/index.php?rest_route=%2Fwp%2Fv2%2Fmedia&parent=10183"}],"wp:term":[{"taxonomy":"product_brand","embeddable":true,"href":"https:\/\/www.rgequip.com\/index.php?rest_route=%2Fwp%2Fv2%2Fproduct_brand&post=10183"},{"taxonomy":"product_cat","embeddable":true,"href":"https:\/\/www.rgequip.com\/index.php?rest_route=%2Fwp%2Fv2%2Fproduct_cat&post=10183"},{"taxonomy":"product_tag","embeddable":true,"href":"https:\/\/www.rgequip.com\/index.php?rest_route=%2Fwp%2Fv2%2Fproduct_tag&post=10183"}],"curies":[{"name":"wp","href":"https:\/\/api.w.org\/{rel}","templated":true}]}}