{"id":10028,"date":"2019-09-30T10:52:56","date_gmt":"2019-09-30T08:52:56","guid":{"rendered":"https:\/\/www.rgequip.com\/?post_type=product&#038;p=10028"},"modified":"2019-09-30T10:52:56","modified_gmt":"2019-09-30T08:52:56","slug":"fourchette-a-decouper","status":"publish","type":"product","link":"https:\/\/www.rgequip.com\/?product=fourchette-a-decouper","title":{"rendered":"Fourchette \u00c0 D\u00e9couper"},"content":{"rendered":"<p>Fabriqu\u00e9 d\u2019une pi\u00e8ce d\u2019acier au chrome-molybd\u00e8ne forge tr\u00e8s dure<br \/>\nGr\u00e2ce \u00e0 la haute qualit\u00e9 de la finition et le savoir-faire, cette fourchette est tr\u00e8s solides et r\u00e9siste \u00e0 la corrosion et elle reste aiguis\u00e9 durablement.<br \/>\nLa forme unique de la manche \u00e9vite que les restes de nourriture s\u2019incrustent entre la lame et la manche.<br \/>\nAvec manche en plastique POM noir.<\/p>\n","protected":false},"excerpt":{"rendered":"<p>Fabriqu\u00e9 d\u2019une pi\u00e8ce d\u2019acier au chrome-molybd\u00e8ne forge tr\u00e8s dure Gr\u00e2ce \u00e0 la haute qualit\u00e9 de la finition et le savoir-faire,<\/p>\n","protected":false},"featured_media":10160,"comment_status":"open","ping_status":"closed","template":"","meta":[],"product_brand":[],"product_cat":[337,340,355],"product_tag":[],"class_list":{"0":"post-10028","1":"product","2":"type-product","3":"status-publish","4":"has-post-thumbnail","6":"product_cat-preparation","7":"product_cat-accessoires-preparation","8":"product_cat-ustensils","10":"first","11":"instock","12":"shipping-taxable","13":"product-type-simple"},"_links":{"self":[{"href":"https:\/\/www.rgequip.com\/index.php?rest_route=\/wp\/v2\/product\/10028","targetHints":{"allow":["GET"]}}],"collection":[{"href":"https:\/\/www.rgequip.com\/index.php?rest_route=\/wp\/v2\/product"}],"about":[{"href":"https:\/\/www.rgequip.com\/index.php?rest_route=\/wp\/v2\/types\/product"}],"replies":[{"embeddable":true,"href":"https:\/\/www.rgequip.com\/index.php?rest_route=%2Fwp%2Fv2%2Fcomments&post=10028"}],"version-history":[{"count":0,"href":"https:\/\/www.rgequip.com\/index.php?rest_route=\/wp\/v2\/product\/10028\/revisions"}],"wp:featuredmedia":[{"embeddable":true,"href":"https:\/\/www.rgequip.com\/index.php?rest_route=\/wp\/v2\/media\/10160"}],"wp:attachment":[{"href":"https:\/\/www.rgequip.com\/index.php?rest_route=%2Fwp%2Fv2%2Fmedia&parent=10028"}],"wp:term":[{"taxonomy":"product_brand","embeddable":true,"href":"https:\/\/www.rgequip.com\/index.php?rest_route=%2Fwp%2Fv2%2Fproduct_brand&post=10028"},{"taxonomy":"product_cat","embeddable":true,"href":"https:\/\/www.rgequip.com\/index.php?rest_route=%2Fwp%2Fv2%2Fproduct_cat&post=10028"},{"taxonomy":"product_tag","embeddable":true,"href":"https:\/\/www.rgequip.com\/index.php?rest_route=%2Fwp%2Fv2%2Fproduct_tag&post=10028"}],"curies":[{"name":"wp","href":"https:\/\/api.w.org\/{rel}","templated":true}]}}